{"id":126,"date":"2020-06-21T21:04:11","date_gmt":"2020-06-21T19:04:11","guid":{"rendered":"http:\/\/flyfishing-stats.com.pl\/?page_id=126"},"modified":"2025-07-01T10:37:41","modified_gmt":"2025-07-01T08:37:41","slug":"historia-i-wspolczesnosc-zawodow-muchowych-w-polsce-i-na-swiecie","status":"publish","type":"page","link":"https:\/\/flyfishing-stats.pl\/","title":{"rendered":"Historia i wsp\u00f3\u0142czesno\u015b\u0107 w\u0119dkarskich zawod\u00f3w muchowych w Polsce i \u015bwiecie"},"content":{"rendered":"\n<p><\/p>\n\n\n\n<p><\/p>\n\n\n\n<p><\/p>\n\n\n\n<p>Zawody w\u0119dkarskie w dyscyplinie muchowej organizuje si\u0119 w Polsce od ponad p\u00f3\u0142 wieku. <br>Za najstarsze z obecnie rozgrywanych zawod\u00f3w uznaje si\u0119 Puchar Dunajca <br>im. Profesora Bronis\u0142awa Romaniszyna, kt\u00f3re w sezonie 2025 roku odby\u0142y si\u0119 po raz 62-i. Pierwsza edycja tych zawod\u00f3w odby\u0142a si\u0119 prawdopodobnie w 1963 roku. <br>Mistrzostwa Polski w w\u0119dkarstwie muchowym rozgrywane s\u0105 od 1977 roku. <br>W 2025 roku Mistrzostwa Polski odby\u0142y si\u0119 po raz 48-my. <br>Opr\u00f3cz innych imprez rozgrywanych wsp\u00f3\u0142cze\u015bnie np. Puchar Wis\u0142y, Puchar Sanu, <br>Puchar Raby i Jesienny Lipie\u0144 Sanu w historii zawod\u00f3w muchowych w Polsce we wcze\u015bniejszych latach, mo\u017cna jeszcze wymieni\u0107: Puchar Bobru, Puchar Podbeskidzia, Jesienny Lipie\u0144 \u0141upawy, Puchar Podhala i Lipie\u0144 Popradu. <br>Mistrzowskie zawody sportowe w w\u0119dkarstwie muchowym w Polsce odbywaj\u0105 si\u0119 na poziomie ko\u0142a, okr\u0119gu i kraju. Ka\u017cdy mistrz ko\u0142a ma prawo startu w zawodach okr\u0119gowych. Zwyci\u0119\u017caj\u0105c w okr\u0119gu kwalifikuje si\u0119 do udzia\u0142u w Mistrzostwach Polski. Zdobywaj\u0105c tytu\u0142 Mistrza Polski kwalifikuje si\u0119 do kadry narodowej w w\u0119dkarstwie muchowym i mo\u017ce zosta\u0107 powo\u0142any do reprezentacji kraju na zawody mi\u0119dzynarodowe. Otwiera si\u0119 dla niego droga do zdobycia tytu\u0142u Mistrza Europy lub Mistrza \u015awiata. Historia zawod\u00f3w mi\u0119dzynarodowych si\u0119ga 1981 roku, kiedy w Luksemburgu rozegrano po raz pierwszy Mistrzostwa \u015awiata. Pierwsze w historii Mistrzostwa Europy odby\u0142y si\u0119 w 1995 roku w Anglii.<\/p>\n\n\n\n<p>Fotografia w nag\u0142\u00f3wku: Rzeka San widziana z Zamku Sobie\u0144 &#8211; Autor: Lowdown, <a href=\"https:\/\/commons.wikimedia.org\/wiki\/File:San_widziany_z_Zamku_Sobie%C5%84.JPG\">https:\/\/commons.wikimedia.org\/wiki\/File:San_widziany_z_Zamku_Sobie\u0144.JPG<\/a><\/p>\n","protected":false},"excerpt":{"rendered":"<p>Zawody w\u0119dkarskie w dyscyplinie muchowej organizuje si\u0119 w Polsce od ponad p\u00f3\u0142 wieku. Za najstarsze z obecnie rozgrywanych zawod\u00f3w uznaje si\u0119 Puchar Dunajca im. Profesora&hellip;<\/p>\n","protected":false},"author":41798,"featured_media":95,"parent":0,"menu_order":0,"comment_status":"closed","ping_status":"closed","template":"","meta":{"footnotes":""},"class_list":["post-126","page","type-page","status-publish","has-post-thumbnail","hentry","has-post-thumbnail-archive"],"_links":{"self":[{"href":"https:\/\/flyfishing-stats.pl\/index.php\/wp-json\/wp\/v2\/pages\/126","targetHints":{"allow":["GET"]}}],"collection":[{"href":"https:\/\/flyfishing-stats.pl\/index.php\/wp-json\/wp\/v2\/pages"}],"about":[{"href":"https:\/\/flyfishing-stats.pl\/index.php\/wp-json\/wp\/v2\/types\/page"}],"author":[{"embeddable":true,"href":"https:\/\/flyfishing-stats.pl\/index.php\/wp-json\/wp\/v2\/users\/41798"}],"replies":[{"embeddable":true,"href":"https:\/\/flyfishing-stats.pl\/index.php\/wp-json\/wp\/v2\/comments?post=126"}],"version-history":[{"count":34,"href":"https:\/\/flyfishing-stats.pl\/index.php\/wp-json\/wp\/v2\/pages\/126\/revisions"}],"predecessor-version":[{"id":1470,"href":"https:\/\/flyfishing-stats.pl\/index.php\/wp-json\/wp\/v2\/pages\/126\/revisions\/1470"}],"wp:featuredmedia":[{"embeddable":true,"href":"https:\/\/flyfishing-stats.pl\/index.php\/wp-json\/wp\/v2\/media\/95"}],"wp:attachment":[{"href":"https:\/\/flyfishing-stats.pl\/index.php\/wp-json\/wp\/v2\/media?parent=126"}],"curies":[{"name":"wp","href":"https:\/\/api.w.org\/{rel}","templated":true}]}}